 298919?
2
What is the hundreds digit of 422751?
7
What is the tens digit of 8386021?
2
What is the thousands digit of 27219663?
9
What is the thousands digit of 160421?
0
What is the thousands digit of 24897?
4
What is the hundred thousands digit of 1158165?
1
What is the thousands digit of 868579?
8
What is the hundreds digit of 12051847?
8
What is the ten thousands digit of 2490614?
9
What is the ten thousands digit of 3336291?
3
What is the ten thousands digit of 3835776?
3
What is the thousands digit of 9113074?
3
What is the units digit of 1591093?
3
What is the hundred thousands digit of 7204669?
2
What is the units digit of 93052?
2
What is the tens digit of 908504?
0
What is the hundred thousands digit of 4245723?
2
What is the thousands digit of 65741?
5
What is the thousands digit of 4536255?
6
What is the hundred thousands digit of 257733?
2
What is the ten thousands digit of 5448773?
4
What is the millions digit of 4672425?
4
What is the ten millions digit of 24443507?
2
What is the ten thousands digit of 253318?
5
What is the ten thousands digit of 9048427?
4
What is the millions digit of 25456902?
5
What is the ten thousands digit of 126425?
2
What is the hundred thousands digit of 1765001?
7
What is the tens digit of 118571?
7
What is the units digit of 2641540?
0
What is the units digit of 217301?
1
What is the millions digit of 1249762?
1
What is the thousands digit of 306371?
6
What is the ten millions digit of 19410559?
1
What is the thousands digit of 345326?
5
What is the thousands digit of 29913788?
3
What is the hundreds digit of 930945?
9
What is the hundreds digit of 1586196?
1
What is the hundreds digit of 1999906?
9
What is the hundreds digit of 1387596?
5
What is the units digit of 907039?
9
What is the hundreds digit of 257117?
1
What is the units digit of 1485994?
4
What is the thousands digit of 784730?
4
What is the units digit of 112612?
2
What is the tens digit of 220946?
4
What is the millions digit of 2429809?
2
What is the ten millions digit of 13215942?
1
What is the units digit of 12484795?
5
What is the tens digit of 11802481?
8
What is the tens digit of 125034?
3
What is the hundreds digit of 214886?
8
What is the units digit of 4306556?
6
What is the thousands digit of 113586?
3
What is the units digit of 1230680?
0
What is the ten thousands digit of 5506691?
0
What is the millions digit of 1407417?
1
What is the tens digit of 116205?
0
What is the hundreds digit of 5766423?
4
What is the units digit of 1446822?
2
What is the ten thousands digit of 784812?
8
What is the units digit of 8909864?
4
What is the units digit of 1054483?
3
What is the hundred thousands digit of 10919590?
9
What is the hundreds digit of 181484?
4
What is the thousands digit of 11899750?
9
What is the ten millions digit of 28225247?
2
What is the ten thousands digit of 365709?
6
What is the hundred thousands digit of 139745?
1
What is the ten thousands digit of 273581?
7
What is the units digit of 273526?
6
What is the hundreds digit of 1207539?
5
What is the thousands digit of 91631?
1
What is the hundred thousands digit of 396178?
3
What is the millions digit of 4455199?
4
What is the units digit of 5432495?
5
What is the millions digit of 6994892?
6
What is the hundred thousands digit of 666288?
6
What is the hundred thousands digit of 1394674?
3
What is the units digit of 4613277?
7
What is the units digit of 3006711?
1
What is the thousands digit of 5004913?
4
What is the thousands digit of 3177926?
7
What is the ten thousands digit of 311383?
1
What is the millions digit of 12028516?
2
What is the hundred thousands digit of 1387864?
3
What is the ten thousands digit of 1848521?
4
What is the tens digit of 804136?
3
What is the thousands digit of 362988?
2
What is the hundreds digit of 48251?
2
What is the units digit of 10210?
0
What is the hundreds digit of 714096?
0
What is the thousands digit of 8686231?
6
What is the ten thousands digit of 2507869?
0
What is the units digit of 45375?
5
What is the thousands digit of 10007451?
7
What is the hundred thousands digit of 864716?
8
What is the tens digit of 60313?
1
What is the hundreds digit of 73262?
2
What is the millions digit of 1435311?
1
What is the ten millions digit of 14273041?
1
What is the hundred thousands digit of 723112?
7
What is the hundreds digit of 17632510?
5
What is the thousands digit of 279128?
9
What is the millions digit of 5034763?
5
What is the ten thousands digit of 2772160?
7
What is the units digit of 215594?
4
What is the units digit of 1771230?
0
What is the units digit of 6094263?
3
What is the tens digit of 22311478?
7
What is the thousands digit of 9929486?
9
What is the thousands digit of 418663?
8
What is the hundred thousands digit of 104424?
1
What is the thousands digit of 512972?
2
What is the hundreds digit of 847425?
4
What is the units digit of 2886401?
1
What is the hundred thousands digit of 11795677?
7
What is the tens digit of 695287?
8
What is the units digit of 4173871?
1
What is the hundreds digit of 288554?
5
What is the tens digit of 106796?
9
What is the units digit of 12690916?
6
What is the units digit of 1262537?
7
What is the tens digit of 247456?
5
What is the hundreds digit of 103841?
8
What is the tens digit of 4423131?
3
What is the hundred thousands digit of 978210?
9
What is the hundreds digit of 141336?
3
What is the thousands digit of 216665?
6
What is the hundred thousands digit of 2068933?
0
What is the tens digit of 578624?
2
What is the hundred thousands digit of 340973?
3
What is the thousands digit of 17739079?
9
What is the ten thousands digit of 118044?
1
What is the hundreds digit of 7642549?
5
What is the hundreds digit of 919208?
2
What is the units digit of 1157362?
2
What is the units digit of 12860019?
9
What is the ten thousands digit of 14811027?
1
What is the tens digit of 20509918?
1
What is the ten thousands digit of 1340129?
4
What is the units digit of 6403445?
5
What is the hundreds digit of 15576077?
0
What is the thousands digit of 312343?
2
What is the ten thousands digit of 6916029?
1
What is the ten thousands digit of 96809?
9
What is the tens digit of 208978?
7
What is the hundreds digit of 12402433?
4
What is the ten millions digit of 25864424?
2
What is the ten thousands digit of 218131?
1
What is the tens digit of 310853?
5
What is the hundreds digit of 17255?
2
What is the tens digit of 2675538?
3
What is the units digit of 699032?
2
What is the hundred thousands digit of 16698568?
6
What is the thousands digit of 188441?
8
What is the ten thousands digit of 22148432?
4
What is the ten thousands digit of 223093?
2
What is the hundred thousands digit of 5807995?
8
What is the hundred thousands digit of 3488740?
4
What is the ten thousands digit of 3303092?
0
What is the hundred thousands digit of 140568?
1
What is the thousands digit of 8594221?
4
What is the hundred thousands digit of 20230305?
2
What is the units digit of 441705?
5
What is the millions digit of 39667370?
9
What is the hundreds digit of 2684045?
0
What is the units digit of 1688630?
0
What is the tens digit of 3317061?
6
What is the tens digit of 919906?
0
What is the hundreds digit of 43269753?
7
What is the hundreds digit of 762609?
6
What is the tens digit of 3992185?
8
What is the millions digit of 8378630?
8
What is the thousands digit of 283433?
3
What is the tens digit of 85814?
1
What is the tens digit of 11454941?
4
What is the millions digit of 4528280?
4
What is the units digit of 655960?
0
What is the hundred thousands digit of 16869644?
8
What is the hundreds digit of 97979?
9
What is the units digit of 332700?
0
What is the tens digit of 375611?
1
What is the hundred thousands digit of 1730580?
7
What is the hundreds digit of 4402076?
0
What is the hundred thousands digit of 28608433?
6
What is the units digit of 149718?
8
What is the hundreds digit of 2466740?
7
What is the hundreds digit of 547000?
0
What is the units digit of 5293422?
2
What is the units digit of 4186110?
0
What is the thousands digit of 2921160?
1
What is the thousands digit of 940512?
0
What is the tens digit of 375715?
1
What is the tens digit of 14156955?
5
What is the ten thousands digit of 1038403?
3
What is the tho